Weather Camera Radar Radar Radar Radar width= Satellite previsioni

NOAA-Style Climate Reports


Report for 2017 Novembre
                   Monthly Climatological Summary for nov 2017

Name: Galliate Meteo   City: Galliate (NO)   State: Italia
Elevation: 153 m  Lat: N 45° 28' 31"   Lon: E 008° 41' 43"

                  Temperature (°C), Rain (mm), Wind Speed (km/h)

                                      Heat  Cool        Avg
    Mean                              Deg   Deg         Wind                 Dom
Day Temp  High   Time   Low    Time   Days  Days  Rain  Speed High   Time    Dir
----------------------------------------------------------------------------------
 1  11,4  16,7   14:52   7,6   07:35   6,9   0,0   0,0   0,0   0,0   00:00     E
 2  11,2  16,2   14:39   7,5   03:06   7,1   0,0   0,0   0,0   0,0   00:00     E
 3  12,5  18,3   14:20   7,5   05:13   5,8   0,0   0,0   0,0   0,0   00:00     E
 4  13,3  15,7   12:31  11,8   05:29   5,0   0,0   0,2   0,0   0,0   00:00     E
 5  10,8  12,2   10:44   8,7   19:26   7,4   0,0  35,2   0,0   0,0   00:00     E
 6   9,8  11,9   11:03   7,2   23:58   7,2   0,0   3,4   0,0   0,0   00:00     E
 7   7,7   9,8   22:08   6,6   00:39   5,0   0,0   0,8   0,0   0,0   00:00     E
 8   9,2   9,7   00:00   8,8   03:44   6,1   0,0   2,4   0,0   0,0   00:00     E
 9   9,8  10,9   14:47   8,9   03:20   6,0   0,0   2,4   0,0   0,0   00:00     E
10  10,4  12,6   15:17   0,0   00:00   1,0   0,0   0,2   0,0   0,0   00:00     E
11   6,8  11,7   16:17   0,0   15:57   3,6   0,0   0,0   0,0   0,0   15:57     E
12   6,9   8,7   17:06   4,8   02:58  11,4   0,0   3,8   0,0   0,0   00:00     E
13   9,9  13,3   13:12   5,4   23:59   8,4   0,0   0,0   0,0   0,0   00:00     E
14   8,4  14,8   14:34   4,7   03:26   9,9   0,0   0,0   0,0   0,0   00:00     E
15   6,7  12,4   14:34   2,9   07:41  11,6   0,0   0,0   0,0   0,0   00:00     E
16   7,6  14,3   15:36   3,1   07:31  10,7   0,0   0,0   0,0   0,0   00:00     E
17   7,8  14,5   14:19   3,2   07:28  10,5   0,0   0,0   0,0   0,0   00:00     E
----------------------------------------------------------------------------------
     9,4  18,3     3     0,0    10   123,6   0,0  48,4   0,0   0,0     0     ---

Max >=  10,0: 14
Max <=   5,0:  0
Min <=   0,0:  2
Min <=  -2,0:  0
Max Rain: 35,2 on day 5
Days of Rain: 8 (>= 0,2 mm)  5 (>= 2,0 mm)  1 (>= 20,0 mm)
Heat Base: 18,3  Cool Base: 18,3  Method: Integration