Weather Camera Radar Radar Radar Radar width= Satellite previsioni

NOAA-Style Climate Reports

Select a Year or Month report
2017: Gen Feb Mar Apr Mag Giu Lug Ago Set Ott Nov Dic
2016: Gen Feb Mar Apr Mag Giu Lug Ago Set Ott Nov Dic
2015: Gen Feb Mar Apr Mag Giu Lug Ago Set Ott Nov Dic
2014: Gen Feb Mar Apr Mag Giu Lug Ago Set Ott Nov Dic
2013: Gen Feb Mar Apr Mag Giu Lug Ago Set Ott Nov Dic
2012: Gen Feb Mar Apr Mag Giu Lug Ago Set Ott Nov Dic
2011: Gen Feb Mar Apr Mag Giu Lug Ago Set Ott Nov Dic

Report for 2017 Luglio
                   Monthly Climatological Summary for lug 2017

Name: Galliate Meteo   City: Galliate (NO)   State: Italia
Elevation: 153 m  Lat: N 45° 28' 31"   Lon: E 008° 41' 43"

                  Temperature (°C), Rain (mm), Wind Speed (km/h)

                                      Heat  Cool        Avg
    Mean                              Deg   Deg         Wind                 Dom
Day Temp  High   Time   Low    Time   Days  Days  Rain  Speed High   Time    Dir
----------------------------------------------------------------------------------
 1  20,1  25,1   16.25  14,6   05.56   0,9   2,6   0,0   3,9  26,0   16.33    NE
 2  22,3  28,6   17.02  15,3   06.12   0,4   4,5   0,0   2,6  21,0   15.03   WNW
 3  25,2  30,5   17.25  19,2   07.00   0,0   6,9   0,0   4,4  24,0   15.06   WSW
 4  25,2  29,1   17.18  19,9   03.09   0,0   6,9   0,0   3,4  24,0   14.41    SE
 5  26,3  31,2   18.56  21,8   05.07   0,0   8,0   0,0   3,6  19,0   12.25   SSE
 6  27,5  32,5   19.54  21,8   06.01   0,0   9,2   0,0   3,4  19,0   12.10     S
 7  27,6  33,4   18.10  21,7   06.09   0,0   9,3   0,0   3,5  23,0   21.20     S
 8  28,2  34,2   16.25  22,7   06.02   0,0   9,9   0,0   3,8  23,0   20.09   WSW
 9  26,3  30,4   14.16  23,6   02.36   0,0   8,0   0,0   5,0  29,0   11.28     N
10  24,5  30,1   16.20  21,1   23.58   0,0   6,2   2,2   4,1  64,0   18.01   SSW
11  23,3  27,1   12.50  18,8   06.08   0,0   5,0   0,2   3,6  26,0   17.46    SW
12  25,1  30,2   18.41  20,2   06.17   0,0   6,8   0,0   2,9  26,0   12.36     S
13  27,6  32,6   19.14  20,4   05.50   0,0   9,3   0,0   3,8  21,0   14.06   SSW
14  27,3  30,3   00.00  22,3   08.22   0,0   9,0  13,8   4,1  27,0   11.04    SE
15  25,0  30,3   17.06  19,5   07.26   0,0   6,7   0,0   3,5  23,0   14.58   WNW
16  24,1  27,4   17.12  19,2   05.42   0,0   5,8   0,0   5,2  27,0   11.27   ESE
17  24,6  28,1   17.08  20,9   06.23   0,0   6,3   0,0   4,0  19,0   14.03   SSE
18  25,5  29,8   17.27  19,8   06.42   0,0   7,2   0,0   3,4  19,0   13.11   SSW
19  26,6  31,1   17.04  24,2   23.52   0,0   8,3   0,0   2,5  23,0   12.52   SSW
20  25,3  29,9   18.06  21,3   06.20   0,0   7,0   0,0   3,1  23,0   12.35     S
21  25,1  30,9   15.32  21,3   05.59   0,0   6,8   0,0   2,6  27,0   19.44   SSW
22  25,6  30,6   19.31  20,7   04.40   0,0   7,3   0,0   4,6  21,0   01.32    NW
23  25,5  30,9   14.54  19,5   06.28   0,0   7,2   0,0   3,9  24,0   20.07   SSW
24  25,0  30,3   15.06  20,9   07.29   0,0   6,7   0,0   4,5  24,0   11.34    NE
----------------------------------------------------------------------------------
    25,4  34,2     8    14,6     1     1,3 170,9  16,2   3,7  64,0    10       S

Max >=  10,0: 24
Max <=   5,0:  0
Min <=   0,0:  0
Min <=  -2,0:  0
Max Rain: 13,8 on day 14
Days of Rain: 3 (>= 0,2 mm)  2 (>= 2,0 mm)  0 (>= 20,0 mm)
Heat Base: 18,3  Cool Base: 18,3  Method: Integration