NOAA-Style Climate Reports
Select a Year or Month report
2024: Gen Feb Mar Apr Mag Giu Lug Ago Set Ott Nov Dic
2023: Gen Feb Mar Apr Mag Giu Lug Ago Set Ott Nov Dic
2022: Gen Feb Mar Apr Mag Giu Lug Ago Set Ott Nov Dic
2021: Gen Feb Mar Apr Mag Giu Lug Ago Set Ott Nov Dic
2020: Gen Feb Mar Apr Mag Giu Lug Ago Set Ott Nov Dic
2019: Gen Feb Mar Apr Mag Giu Lug Ago Set Ott Nov Dic
2018: Gen Feb Mar Apr Mag Giu Lug Ago Set Ott Nov Dic
2017: Gen Feb Mar Apr Mag Giu Lug Ago Set Ott Nov Dic
2016: Gen Feb Mar Apr Mag Giu Lug Ago Set Ott Nov Dic
2015: Gen Feb Mar Apr Mag Giu Lug Ago Set Ott Nov Dic
2014: Gen Feb Mar Apr Mag Giu Lug Ago Set Ott Nov Dic
2013: Gen Feb Mar Apr Mag Giu Lug Ago Set Ott Nov Dic
2012: Gen Feb Mar Apr Mag Giu Lug Ago Set Ott Nov Dic
2011: Gen Feb Mar Apr Mag Giu Lug Ago Set Ott Nov Dic
2024: Gen Feb Mar Apr Mag Giu Lug Ago Set Ott Nov Dic
2023: Gen Feb Mar Apr Mag Giu Lug Ago Set Ott Nov Dic
2022: Gen Feb Mar Apr Mag Giu Lug Ago Set Ott Nov Dic
2021: Gen Feb Mar Apr Mag Giu Lug Ago Set Ott Nov Dic
2020: Gen Feb Mar Apr Mag Giu Lug Ago Set Ott Nov Dic
2019: Gen Feb Mar Apr Mag Giu Lug Ago Set Ott Nov Dic
2018: Gen Feb Mar Apr Mag Giu Lug Ago Set Ott Nov Dic
2017: Gen Feb Mar Apr Mag Giu Lug Ago Set Ott Nov Dic
2016: Gen Feb Mar Apr Mag Giu Lug Ago Set Ott Nov Dic
2015: Gen Feb Mar Apr Mag Giu Lug Ago Set Ott Nov Dic
2014: Gen Feb Mar Apr Mag Giu Lug Ago Set Ott Nov Dic
2013: Gen Feb Mar Apr Mag Giu Lug Ago Set Ott Nov Dic
2012: Gen Feb Mar Apr Mag Giu Lug Ago Set Ott Nov Dic
2011: Gen Feb Mar Apr Mag Giu Lug Ago Set Ott Nov Dic
Report for 2020 Aprile
Monthly Climatological Summary for apr 2020 Name: Galliate Meteo City: Galliate (NO) State: Italia Elevation: 153 m Lat: N 45° 28' 31" Lon: E 008° 41' 43" Temperature (°C), Rain (mm), Wind Speed (km/h) Heat Cool Avg Mean Deg Deg Wind Dom Day Temp High Time Low Time Days Days Rain Speed High Time Dir ---------------------------------------------------------------------------------- 1 7,0 10,9 16:56 3,8 01:56 11,3 0,0 0,0 3,6 19,0 13:03 E 2 7,5 13,0 17:56 1,5 08:03 10,8 0,0 0,0 3,2 18,0 13:49 SSE 3 10,4 16,9 18:31 3,4 06:10 7,9 0,0 0,0 3,6 19,0 17:02 ESE 4 13,3 19,1 17:56 6,0 07:26 5,0 0,0 0,0 4,0 19,0 13:07 SE 5 14,3 19,6 17:08 8,9 02:33 4,1 0,1 0,0 4,8 23,0 09:37 E 6 14,9 20,9 16:05 8,3 06:33 3,9 0,5 0,0 4,7 19,0 12:09 NNE 7 15,9 23,6 17:01 9,4 07:46 3,4 1,1 0,0 4,6 18,0 06:28 ENE 8 14,4 20,6 13:26 9,7 06:50 2,9 0,1 0,0 4,3 19,0 12:47 NNE 9 16,6 23,5 16:46 9,2 07:07 3,1 1,4 0,0 4,0 18,0 12:54 W 10 17,8 24,9 17:02 8,9 07:06 2,7 2,2 0,0 3,6 19,0 17:17 SE 11 18,1 25,8 16:45 10,5 07:21 2,5 2,3 0,0 3,9 18,0 13:55 SSE 12 17,0 24,0 17:37 9,9 06:26 2,7 1,4 0,0 4,6 27,0 19:13 SSE 13 16,3 21,4 16:51 10,8 06:30 2,5 0,6 0,0 6,4 24,0 10:56 SSE 14 16,5 24,6 14:53 9,6 07:02 3,5 1,7 0,0 8,8 53,0 19:15 ENE 15 13,0 17,4 16:47 9,7 05:21 5,3 0,0 0,0 5,3 19,0 00:25 E 16 14,0 20,8 18:26 6,7 06:02 4,6 0,3 0,0 3,8 18,0 12:02 S 17 15,5 21,9 16:38 8,0 05:39 3,6 0,8 0,0 3,3 18,0 15:10 S 18 16,8 23,9 18:12 10,6 06:32 2,8 1,3 0,0 4,1 23,0 19:51 S 19 16,3 21,2 14:11 11,0 06:56 2,7 0,6 3,2 3,7 18,0 18:03 SSW 20 13,6 14,8 00:14 11,4 23:49 4,7 0,0 14,8 5,3 26,0 14:05 NE 21 11,2 12,6 17:58 10,2 06:50 7,1 0,0 7,0 6,0 26,0 12:28 NNW 22 15,3 20,1 18:08 10,2 06:11 3,3 0,3 0,0 4,6 21,0 11:13 NW 23 15,7 20,9 17:50 9,9 02:59 3,2 0,6 0,0 4,5 21,0 10:57 ESE 24 16,7 23,2 17:42 10,4 07:14 2,8 1,2 0,0 5,8 21,0 14:41 SSW 25 17,4 22,7 15:34 12,2 06:29 2,0 1,0 0,0 6,8 31,0 14:56 S 26 18,1 21,4 15:28 14,1 03:31 0,9 0,8 0,0 5,9 26,0 15:23 S 27 16,6 20,0 18:19 14,3 07:04 1,9 0,2 0,0 5,5 26,0 19:21 SSE 28 15,4 18,4 12:52 13,2 23:33 2,9 0,0 5,4 4,5 27,0 17:23 NE 29 16,6 22,5 17:29 11,4 06:18 2,7 1,0 0,2 6,8 27,0 12:43 SW 30 15,3 18,9 12:30 12,8 06:27 3,0 0,0 4,4 3,7 27,0 19:52 NE ---------------------------------------------------------------------------------- 14,9 25,8 11 1,5 2 119,8 19,5 35,0 4,8 53,0 14 SE Max >= 10,0: 30 Max <= 5,0: 0 Min <= 0,0: 0 Min <= -2,0: 0 Max Rain: 14,8 on day 20 Days of Rain: 6 (>= 0,2 mm) 5 (>= 2,0 mm) 0 (>= 20,0 mm) Heat Base: 18,3 Cool Base: 18,3 Method: Integration