NOAA-Style Climate Reports
Select a Year or Month report
2024: Gen Feb Mar Apr Mag Giu Lug Ago Set Ott Nov Dic
2023: Gen Feb Mar Apr Mag Giu Lug Ago Set Ott Nov Dic
2022: Gen Feb Mar Apr Mag Giu Lug Ago Set Ott Nov Dic
2021: Gen Feb Mar Apr Mag Giu Lug Ago Set Ott Nov Dic
2020: Gen Feb Mar Apr Mag Giu Lug Ago Set Ott Nov Dic
2019: Gen Feb Mar Apr Mag Giu Lug Ago Set Ott Nov Dic
2018: Gen Feb Mar Apr Mag Giu Lug Ago Set Ott Nov Dic
2017: Gen Feb Mar Apr Mag Giu Lug Ago Set Ott Nov Dic
2016: Gen Feb Mar Apr Mag Giu Lug Ago Set Ott Nov Dic
2015: Gen Feb Mar Apr Mag Giu Lug Ago Set Ott Nov Dic
2014: Gen Feb Mar Apr Mag Giu Lug Ago Set Ott Nov Dic
2013: Gen Feb Mar Apr Mag Giu Lug Ago Set Ott Nov Dic
2012: Gen Feb Mar Apr Mag Giu Lug Ago Set Ott Nov Dic
2011: Gen Feb Mar Apr Mag Giu Lug Ago Set Ott Nov Dic
2024: Gen Feb Mar Apr Mag Giu Lug Ago Set Ott Nov Dic
2023: Gen Feb Mar Apr Mag Giu Lug Ago Set Ott Nov Dic
2022: Gen Feb Mar Apr Mag Giu Lug Ago Set Ott Nov Dic
2021: Gen Feb Mar Apr Mag Giu Lug Ago Set Ott Nov Dic
2020: Gen Feb Mar Apr Mag Giu Lug Ago Set Ott Nov Dic
2019: Gen Feb Mar Apr Mag Giu Lug Ago Set Ott Nov Dic
2018: Gen Feb Mar Apr Mag Giu Lug Ago Set Ott Nov Dic
2017: Gen Feb Mar Apr Mag Giu Lug Ago Set Ott Nov Dic
2016: Gen Feb Mar Apr Mag Giu Lug Ago Set Ott Nov Dic
2015: Gen Feb Mar Apr Mag Giu Lug Ago Set Ott Nov Dic
2014: Gen Feb Mar Apr Mag Giu Lug Ago Set Ott Nov Dic
2013: Gen Feb Mar Apr Mag Giu Lug Ago Set Ott Nov Dic
2012: Gen Feb Mar Apr Mag Giu Lug Ago Set Ott Nov Dic
2011: Gen Feb Mar Apr Mag Giu Lug Ago Set Ott Nov Dic
Report for 2020 Luglio
Monthly Climatological Summary for lug 2020 Name: Galliate Meteo City: Galliate (NO) State: Italia Elevation: 153 m Lat: N 45° 28' 31" Lon: E 008° 41' 43" Temperature (°C), Rain (mm), Wind Speed (km/h) Heat Cool Avg Mean Deg Deg Wind Dom Day Temp High Time Low Time Days Days Rain Speed High Time Dir ---------------------------------------------------------------------------------- 1 24,8 28,6 17:12 20,0 10:30 0,0 6,5 15,0 4,0 21,0 09:04 S 2 24,7 30,2 18:11 20,2 05:42 0,0 6,4 1,4 4,8 35,0 20:10 SW 3 22,4 29,3 16:19 17,6 21:57 0,1 4,1 21,4 5,1 34,0 21:19 E 4 22,7 27,8 18:39 17,1 05:03 0,3 4,6 0,2 4,6 18,0 17:35 S 5 25,1 29,3 15:38 19,2 06:14 0,0 6,8 0,0 3,9 21,0 11:33 SSE 6 26,6 31,1 19:26 21,0 06:12 0,0 8,3 0,0 4,6 24,0 23:16 S 7 24,3 26,7 00:00 22,1 07:21 0,0 6,0 0,0 9,4 39,0 04:00 ENE 8 23,8 27,2 16:54 20,2 05:18 0,0 5,5 0,0 4,2 21,0 15:04 SSE 9 24,6 29,3 18:12 18,5 05:43 0,0 6,3 0,0 4,0 21,0 15:50 S 10 25,7 31,2 17:49 20,5 05:30 0,0 7,4 1,2 4,9 21,0 14:08 NW 11 24,7 29,4 17:49 19,9 06:08 0,0 6,4 0,0 5,2 40,0 14:07 NE 12 22,6 27,9 17:59 19,2 04:02 0,0 3,0 0,0 5,4 19,0 08:44 ENE 13 23,2 26,4 17:08 20,0 06:19 0,0 4,9 0,0 5,3 23,0 16:03 ESE 14 22,8 26,6 15:23 18,1 06:27 0,0 4,5 0,0 5,1 19,0 13:09 ENE 15 22,6 26,7 15:26 18,9 05:02 0,0 4,3 0,0 5,2 23,0 15:52 N 16 23,7 29,2 18:57 17,8 06:32 0,0 5,5 0,0 4,6 21,0 15:56 WNW 17 24,4 28,2 16:29 20,3 06:37 0,0 6,1 0,0 5,8 21,0 11:21 E 18 23,4 26,7 18:22 19,3 06:02 0,0 5,1 0,0 5,5 26,0 00:52 ESE 19 24,0 28,8 19:40 18,6 06:45 0,0 5,7 0,0 4,9 21,0 15:12 SSE 20 25,1 30,9 18:39 20,3 06:18 0,0 6,8 0,0 4,8 19,0 13:55 S 21 26,1 31,2 19:06 20,8 06:25 0,0 7,8 0,0 3,9 19,0 14:19 S 22 26,0 31,1 18:11 20,6 07:07 0,0 7,7 0,4 6,0 27,0 02:19 W 23 25,9 31,1 19:12 20,6 06:14 0,0 7,6 0,0 5,0 23,0 12:37 SSE 24 21,3 25,7 00:00 16,7 11:03 0,2 3,2 32,0 5,5 32,0 07:28 NNE 25 23,5 29,5 16:42 17,1 05:00 0,2 5,3 0,2 3,7 21,0 14:14 S 26 24,8 29,4 19:06 20,2 03:37 0,0 6,4 0,0 4,7 23,0 14:50 S 27 25,9 29,8 15:50 21,1 07:00 0,0 7,6 0,0 3,7 19,0 11:59 S 28 26,8 31,8 17:30 21,5 06:43 0,0 8,5 0,0 4,8 24,0 22:14 NNW 29 27,4 32,7 19:17 22,5 06:13 0,0 9,0 0,0 4,8 18,0 14:28 W 30 28,6 33,7 16:53 24,1 05:03 0,0 10,3 0,0 4,9 21,0 14:55 SW 31 29,0 34,7 17:32 23,1 05:49 0,0 10,7 0,0 5,2 21,0 00:05 WNW ---------------------------------------------------------------------------------- 24,7 34,7 31 16,7 24 0,8 198,3 71,8 4,9 40,0 11 SSE Max >= 10,0: 31 Max <= 5,0: 0 Min <= 0,0: 0 Min <= -2,0: 0 Max Rain: 32,0 on day 24 Days of Rain: 8 (>= 0,2 mm) 3 (>= 2,0 mm) 2 (>= 20,0 mm) Heat Base: 18,3 Cool Base: 18,3 Method: Integration