NOAA-Style Climate Reports
Select a Year or Month report
2024: Gen Feb Mar Apr Mag Giu Lug Ago Set Ott Nov Dic
2023: Gen Feb Mar Apr Mag Giu Lug Ago Set Ott Nov Dic
2022: Gen Feb Mar Apr Mag Giu Lug Ago Set Ott Nov Dic
2021: Gen Feb Mar Apr Mag Giu Lug Ago Set Ott Nov Dic
2020: Gen Feb Mar Apr Mag Giu Lug Ago Set Ott Nov Dic
2019: Gen Feb Mar Apr Mag Giu Lug Ago Set Ott Nov Dic
2018: Gen Feb Mar Apr Mag Giu Lug Ago Set Ott Nov Dic
2017: Gen Feb Mar Apr Mag Giu Lug Ago Set Ott Nov Dic
2016: Gen Feb Mar Apr Mag Giu Lug Ago Set Ott Nov Dic
2015: Gen Feb Mar Apr Mag Giu Lug Ago Set Ott Nov Dic
2014: Gen Feb Mar Apr Mag Giu Lug Ago Set Ott Nov Dic
2013: Gen Feb Mar Apr Mag Giu Lug Ago Set Ott Nov Dic
2012: Gen Feb Mar Apr Mag Giu Lug Ago Set Ott Nov Dic
2011: Gen Feb Mar Apr Mag Giu Lug Ago Set Ott Nov Dic
2024: Gen Feb Mar Apr Mag Giu Lug Ago Set Ott Nov Dic
2023: Gen Feb Mar Apr Mag Giu Lug Ago Set Ott Nov Dic
2022: Gen Feb Mar Apr Mag Giu Lug Ago Set Ott Nov Dic
2021: Gen Feb Mar Apr Mag Giu Lug Ago Set Ott Nov Dic
2020: Gen Feb Mar Apr Mag Giu Lug Ago Set Ott Nov Dic
2019: Gen Feb Mar Apr Mag Giu Lug Ago Set Ott Nov Dic
2018: Gen Feb Mar Apr Mag Giu Lug Ago Set Ott Nov Dic
2017: Gen Feb Mar Apr Mag Giu Lug Ago Set Ott Nov Dic
2016: Gen Feb Mar Apr Mag Giu Lug Ago Set Ott Nov Dic
2015: Gen Feb Mar Apr Mag Giu Lug Ago Set Ott Nov Dic
2014: Gen Feb Mar Apr Mag Giu Lug Ago Set Ott Nov Dic
2013: Gen Feb Mar Apr Mag Giu Lug Ago Set Ott Nov Dic
2012: Gen Feb Mar Apr Mag Giu Lug Ago Set Ott Nov Dic
2011: Gen Feb Mar Apr Mag Giu Lug Ago Set Ott Nov Dic
Report for 2020 Dicembre
Monthly Climatological Summary for dic 2020 Name: Galliate Meteo City: Galliate (NO) State: Italia Elevation: 153 m Lat: N 45° 28' 31" Lon: E 008° 41' 43" Temperature (°C), Rain (mm), Wind Speed (km/h) Heat Cool Avg Mean Deg Deg Wind Dom Day Temp High Time Low Time Days Days Rain Speed High Time Dir ---------------------------------------------------------------------------------- 1 5,3 6,7 12:24 3,2 22:42 13,0 0,0 3,4 1,4 16,0 14:25 E 2 1,9 3,2 00:00 1,0 12:32 16,4 0,0 5,8 2,2 14,0 01:42 S 3 1,1 2,6 23:12 -0,4 09:29 17,2 0,0 0,8 1,6 14,0 21:21 NE 4 1,3 2,6 00:00 0,8 07:35 17,0 0,0 10,4 3,3 16,0 05:45 N 5 1,7 2,6 20:10 0,9 00:00 16,6 0,0 16,6 1,9 14,0 20:54 WSW 6 2,8 4,2 22:59 1,4 04:11 15,5 0,0 4,2 2,2 11,0 12:46 SW 7 3,8 4,6 07:06 3,2 01:10 14,5 0,0 8,8 3,7 21,0 08:07 ESE 8 5,2 6,2 14:02 4,1 07:27 13,1 0,0 7,8 3,0 16,0 06:28 NNW 9 5,8 6,4 15:54 5,3 04:17 12,5 0,0 2,4 3,6 19,0 15:57 W 10 6,1 8,8 13:45 3,9 22:32 12,2 0,0 0,2 1,1 10,0 11:39 WNW 11 3,1 5,2 20:12 0,7 07:57 15,2 0,0 0,6 1,4 11,0 09:17 SSW 12 4,6 6,9 14:45 1,4 22:58 13,7 0,0 0,2 0,7 8,0 14:45 SSW 13 1,7 3,6 19:08 -0,7 04:06 16,6 0,0 0,0 1,3 13,0 12:40 S 14 2,8 8,8 15:53 -1,3 08:49 15,5 0,0 0,4 0,7 8,0 03:15 SSE 15 4,9 7,9 14:22 2,4 06:13 13,4 0,0 0,0 1,2 11,0 13:08 WSW 16 7,0 8,6 14:50 5,3 04:57 11,3 0,0 0,8 0,8 10,0 04:40 WSW 17 7,8 11,8 13:30 4,5 23:57 10,3 0,0 0,0 1,0 11,0 14:19 S 18 5,8 7,3 13:48 4,3 05:50 12,5 0,0 0,0 1,9 13,0 13:54 WSW 19 7,1 9,0 12:27 5,6 04:00 11,2 0,0 0,4 1,3 11,0 12:50 WSW 20 7,6 8,1 11:10 6,9 03:40 10,7 0,0 3,8 0,8 11,0 11:13 ESE 21 7,7 8,4 15:19 6,8 06:44 10,6 0,0 0,0 1,1 11,0 13:12 SSW 22 7,6 9,8 15:31 5,2 08:34 10,7 0,0 0,0 2,4 13,0 23:58 WNW 23 8,5 9,9 13:56 7,7 00:00 9,8 0,0 0,8 2,2 19,0 01:43 NNW 24 8,5 10,4 15:22 7,5 20:58 9,8 0,0 2,6 1,2 8,0 15:31 NW 25 7,4 10,3 10:02 4,6 23:26 10,9 0,0 0,2 8,5 55,0 15:04 N 26 5,0 10,2 12:03 1,1 23:49 13,3 0,0 0,0 2,7 19,0 14:10 S 27 1,1 4,0 12:22 -0,4 08:15 17,2 0,0 0,0 3,1 13,0 09:01 ENE 28 0,2 1,5 14:08 -2,6 19:37 18,1 0,0 3,2 2,6 16,0 23:41 WSW 29 0,6 2,8 12:40 -2,9 03:05 17,7 0,0 3,8 2,8 14,0 00:03 NNW 30 2,2 5,8 13:46 -0,2 23:37 16,1 0,0 4,0 1,8 11,0 00:40 SSW 31 0,9 3,6 11:50 -2,5 02:26 17,4 0,0 0,4 2,2 14,0 16:20 N ---------------------------------------------------------------------------------- 4,4 11,8 17 -2,9 29 430,0 0,0 81,6 2,1 55,0 25 WNW Max >= 10,0: 4 Max <= 5,0: 11 Min <= 0,0: 8 Min <= -2,0: 3 Max Rain: 16,6 on day 5 Days of Rain: 23 (>= 0,2 mm) 13 (>= 2,0 mm) 0 (>= 20,0 mm) Heat Base: 18,3 Cool Base: 18,3 Method: Integration