NOAA-Style Climate Reports
Select a Year or Month report
2024: Gen Feb Mar Apr Mag Giu Lug Ago Set Ott Nov Dic
2023: Gen Feb Mar Apr Mag Giu Lug Ago Set Ott Nov Dic
2022: Gen Feb Mar Apr Mag Giu Lug Ago Set Ott Nov Dic
2021: Gen Feb Mar Apr Mag Giu Lug Ago Set Ott Nov Dic
2020: Gen Feb Mar Apr Mag Giu Lug Ago Set Ott Nov Dic
2019: Gen Feb Mar Apr Mag Giu Lug Ago Set Ott Nov Dic
2018: Gen Feb Mar Apr Mag Giu Lug Ago Set Ott Nov Dic
2017: Gen Feb Mar Apr Mag Giu Lug Ago Set Ott Nov Dic
2016: Gen Feb Mar Apr Mag Giu Lug Ago Set Ott Nov Dic
2015: Gen Feb Mar Apr Mag Giu Lug Ago Set Ott Nov Dic
2014: Gen Feb Mar Apr Mag Giu Lug Ago Set Ott Nov Dic
2013: Gen Feb Mar Apr Mag Giu Lug Ago Set Ott Nov Dic
2012: Gen Feb Mar Apr Mag Giu Lug Ago Set Ott Nov Dic
2011: Gen Feb Mar Apr Mag Giu Lug Ago Set Ott Nov Dic
2024: Gen Feb Mar Apr Mag Giu Lug Ago Set Ott Nov Dic
2023: Gen Feb Mar Apr Mag Giu Lug Ago Set Ott Nov Dic
2022: Gen Feb Mar Apr Mag Giu Lug Ago Set Ott Nov Dic
2021: Gen Feb Mar Apr Mag Giu Lug Ago Set Ott Nov Dic
2020: Gen Feb Mar Apr Mag Giu Lug Ago Set Ott Nov Dic
2019: Gen Feb Mar Apr Mag Giu Lug Ago Set Ott Nov Dic
2018: Gen Feb Mar Apr Mag Giu Lug Ago Set Ott Nov Dic
2017: Gen Feb Mar Apr Mag Giu Lug Ago Set Ott Nov Dic
2016: Gen Feb Mar Apr Mag Giu Lug Ago Set Ott Nov Dic
2015: Gen Feb Mar Apr Mag Giu Lug Ago Set Ott Nov Dic
2014: Gen Feb Mar Apr Mag Giu Lug Ago Set Ott Nov Dic
2013: Gen Feb Mar Apr Mag Giu Lug Ago Set Ott Nov Dic
2012: Gen Feb Mar Apr Mag Giu Lug Ago Set Ott Nov Dic
2011: Gen Feb Mar Apr Mag Giu Lug Ago Set Ott Nov Dic
Report for 2021 Agosto
Monthly Climatological Summary for ago 2021 Name: Galliate Meteo City: Galliate (NO) State: Italia Elevation: 153 m Lat: N 45° 28' 31" Lon: E 008° 41' 43" Temperature (°C), Rain (mm), Wind Speed (km/h) Heat Cool Avg Mean Deg Deg Wind Dom Day Temp High Time Low Time Days Days Rain Speed High Time Dir ---------------------------------------------------------------------------------- 1 21,7 27,6 14:59 18,6 06:08 0,0 3,4 4,6 5,2 35,0 15:17 NNW 2 22,3 27,3 14:29 16,9 06:45 0,1 4,1 0,0 3,8 21,0 21:31 ESE 3 21,8 26,1 17:09 18,9 07:12 0,0 3,5 0,2 4,3 19,0 13:00 NE 4 19,6 21,6 12:06 18,4 05:19 0,0 1,3 4,2 4,4 18,0 00:07 N 5 22,2 29,2 19:00 16,3 06:15 0,3 4,2 0,2 5,1 21,0 20:30 SW 6 23,4 29,9 18:52 17,2 07:10 0,1 5,1 0,0 4,1 23,0 15:13 SSE 7 23,2 27,0 16:55 19,9 06:28 0,0 4,9 0,0 4,0 24,0 16:33 SE 8 24,0 29,3 19:20 19,1 06:30 0,0 5,7 0,0 4,7 23,0 11:33 S 9 24,4 29,9 18:07 19,5 05:59 0,0 6,1 0,0 3,4 19,0 13:08 SE 10 25,5 30,6 17:14 19,9 05:58 0,0 7,2 0,0 4,5 18,0 15:31 NW 11 26,4 32,5 16:42 19,6 06:38 0,0 8,1 0,0 4,5 21,0 08:48 WNW 12 27,6 33,1 16:37 22,1 06:54 0,0 9,3 0,0 5,7 19,0 05:22 NNW 13 28,2 33,3 18:00 21,9 07:01 0,0 9,9 0,0 4,8 19,0 01:22 WNW 14 28,6 34,3 17:12 22,8 06:33 0,0 10,3 0,0 4,7 21,0 12:10 NW 15 28,6 34,6 17:56 23,8 06:46 0,0 10,4 0,0 5,9 19,0 14:20 SW 16 27,0 31,6 17:33 22,6 06:48 0,0 8,7 0,0 4,8 26,0 20:10 SW 17 25,3 31,8 16:44 18,4 07:25 0,0 7,0 0,0 6,6 32,0 11:28 NNW 18 24,3 28,1 14:53 20,3 05:53 0,0 6,0 0,0 5,2 21,0 09:34 E 19 24,5 28,8 16:27 20,8 07:12 0,0 6,2 0,0 4,2 18,0 10:55 NE 20 24,8 29,7 18:12 20,7 06:45 0,0 6,5 0,0 5,1 19,0 13:26 NNW 21 25,5 30,8 16:12 20,3 05:28 0,0 7,2 0,0 4,8 16,0 01:07 NNW 22 25,0 30,0 16:32 20,9 05:02 0,0 6,7 0,0 4,5 19,0 14:31 SSE 23 24,6 30,2 12:45 19,4 06:24 0,0 6,3 0,0 7,4 29,0 10:19 ENE 24 23,7 28,2 16:10 19,7 07:10 0,0 5,4 0,0 4,8 23,0 15:35 SSE 25 23,0 26,9 17:19 18,7 07:13 0,0 4,7 0,0 5,2 23,0 15:59 N 26 23,3 29,1 17:54 18,2 05:22 0,0 5,0 0,0 5,2 23,0 13:28 SSW 27 20,7 23,5 17:16 17,6 07:00 0,0 2,5 0,0 6,9 27,0 14:34 E 28 20,9 24,8 16:36 17,8 06:28 0,0 2,6 0,0 4,9 24,0 13:32 SSE 29 21,0 26,4 17:58 14,7 06:52 0,6 3,3 0,0 4,1 19,0 11:46 S 30 21,6 26,4 18:16 17,6 06:12 0,1 3,4 0,0 5,1 21,0 14:58 SE 31 21,7 26,8 17:20 17,3 06:51 0,1 3,5 0,0 4,1 19,0 13:39 SSE ---------------------------------------------------------------------------------- 24,0 34,6 15 14,7 29 1,3 178,5 9,2 4,9 35,0 1 SE Max >= 10,0: 31 Max <= 5,0: 0 Min <= 0,0: 0 Min <= -2,0: 0 Max Rain: 4,6 on day 1 Days of Rain: 4 (>= 0,2 mm) 2 (>= 2,0 mm) 0 (>= 20,0 mm) Heat Base: 18,3 Cool Base: 18,3 Method: Integration