NOAA-Style Climate Reports
Select a Year or Month report
2024: Gen Feb Mar Apr Mag Giu Lug Ago Set Ott Nov Dic
2023: Gen Feb Mar Apr Mag Giu Lug Ago Set Ott Nov Dic
2022: Gen Feb Mar Apr Mag Giu Lug Ago Set Ott Nov Dic
2021: Gen Feb Mar Apr Mag Giu Lug Ago Set Ott Nov Dic
2020: Gen Feb Mar Apr Mag Giu Lug Ago Set Ott Nov Dic
2019: Gen Feb Mar Apr Mag Giu Lug Ago Set Ott Nov Dic
2018: Gen Feb Mar Apr Mag Giu Lug Ago Set Ott Nov Dic
2017: Gen Feb Mar Apr Mag Giu Lug Ago Set Ott Nov Dic
2016: Gen Feb Mar Apr Mag Giu Lug Ago Set Ott Nov Dic
2015: Gen Feb Mar Apr Mag Giu Lug Ago Set Ott Nov Dic
2014: Gen Feb Mar Apr Mag Giu Lug Ago Set Ott Nov Dic
2013: Gen Feb Mar Apr Mag Giu Lug Ago Set Ott Nov Dic
2012: Gen Feb Mar Apr Mag Giu Lug Ago Set Ott Nov Dic
2011: Gen Feb Mar Apr Mag Giu Lug Ago Set Ott Nov Dic
2024: Gen Feb Mar Apr Mag Giu Lug Ago Set Ott Nov Dic
2023: Gen Feb Mar Apr Mag Giu Lug Ago Set Ott Nov Dic
2022: Gen Feb Mar Apr Mag Giu Lug Ago Set Ott Nov Dic
2021: Gen Feb Mar Apr Mag Giu Lug Ago Set Ott Nov Dic
2020: Gen Feb Mar Apr Mag Giu Lug Ago Set Ott Nov Dic
2019: Gen Feb Mar Apr Mag Giu Lug Ago Set Ott Nov Dic
2018: Gen Feb Mar Apr Mag Giu Lug Ago Set Ott Nov Dic
2017: Gen Feb Mar Apr Mag Giu Lug Ago Set Ott Nov Dic
2016: Gen Feb Mar Apr Mag Giu Lug Ago Set Ott Nov Dic
2015: Gen Feb Mar Apr Mag Giu Lug Ago Set Ott Nov Dic
2014: Gen Feb Mar Apr Mag Giu Lug Ago Set Ott Nov Dic
2013: Gen Feb Mar Apr Mag Giu Lug Ago Set Ott Nov Dic
2012: Gen Feb Mar Apr Mag Giu Lug Ago Set Ott Nov Dic
2011: Gen Feb Mar Apr Mag Giu Lug Ago Set Ott Nov Dic
Report for 2021 Settembre
Monthly Climatological Summary for set 2021 Name: Galliate Meteo City: Galliate (NO) State: Italia Elevation: 153 m Lat: N 45° 28' 31" Lon: E 008° 41' 43" Temperature (°C), Rain (mm), Wind Speed (km/h) Heat Cool Avg Mean Deg Deg Wind Dom Day Temp High Time Low Time Days Days Rain Speed High Time Dir ---------------------------------------------------------------------------------- 1 22,3 27,5 16:56 17,0 06:59 0,1 4,1 0,0 4,0 19,0 14:02 SE 2 22,9 28,4 16:25 18,1 07:04 0,0 4,6 0,0 4,6 21,0 13:52 E 3 22,6 26,7 16:20 18,2 05:41 0,0 4,3 0,0 4,6 21,0 16:29 ESE 4 22,2 27,8 16:40 16,9 05:34 0,1 4,0 0,0 3,5 19,0 14:22 SSE 5 23,4 28,3 17:11 18,9 07:00 0,0 5,1 0,0 3,9 24,0 15:18 ESE 6 22,8 27,7 16:12 17,4 06:42 0,1 4,6 4,8 4,7 23,0 03:22 NNE 7 22,8 28,0 17:18 18,0 06:15 0,0 4,5 0,0 3,5 19,0 13:36 E 8 22,8 27,7 15:55 19,4 08:13 0,0 4,5 0,0 5,7 26,0 10:28 NNE 9 22,8 27,3 16:46 18,8 07:12 0,0 4,5 0,0 4,6 23,0 14:42 N 10 22,5 26,7 15:35 19,4 06:58 0,0 4,2 0,0 4,2 14,0 06:51 NNW 11 23,4 28,2 15:58 18,9 08:01 0,0 5,1 0,0 4,1 19,0 14:16 SSW 12 23,4 28,8 16:51 18,6 06:56 0,0 5,1 0,0 4,3 21,0 15:08 NNW 13 23,6 29,3 16:37 18,2 06:42 0,0 5,3 0,0 4,3 19,0 14:50 NW 14 22,8 26,4 18:23 18,9 07:20 0,0 4,5 0,0 3,3 14,0 02:38 W 15 21,6 25,7 14:29 19,6 04:14 0,0 3,3 1,0 ---- 19,0 10:22 NNE 16 21,5 26,0 16:38 18,8 19:27 0,0 3,2 1,4 ---- 35,0 19:03 NNE 17 21,9 27,9 16:36 16,4 07:24 0,2 3,8 0,0 ---- 18,0 12:15 SSW 18 22,8 27,1 15:46 20,2 07:21 0,0 4,5 0,2 ---- 24,0 23:08 ESE 19 18,5 21,3 00:00 14,4 23:48 0,5 0,7 10,4 ---- 39,0 16:31 N 20 17,5 22,6 15:09 12,3 07:04 1,9 1,1 0,0 ---- 18,0 17:07 N 21 18,8 23,6 16:52 14,7 04:44 1,0 1,5 0,0 ---- 23,0 10:36 E 22 19,0 24,1 15:41 14,4 07:45 1,0 1,7 0,0 ---- 18,0 13:04 ENE 23 19,3 24,5 15:26 15,3 03:19 0,7 1,7 0,0 ---- 19,0 15:27 NE 24 19,4 25,6 16:31 13,7 07:01 1,4 2,6 0,0 ---- 18,0 13:16 WSW 25 19,9 23,0 16:06 17,5 03:48 0,1 1,7 0,0 ---- 13,0 00:44 N 26 18,9 20,1 00:00 16,4 23:34 0,1 0,7 13,4 ---- 23,0 08:40 N 27 18,9 23,3 15:10 15,8 02:17 0,9 1,5 0,0 ---- 18,0 14:35 SW 28 19,5 25,2 16:19 14,8 06:29 1,0 2,2 0,2 ---- 16,0 13:28 NE 29 21,2 26,5 16:31 17,8 07:57 0,0 3,0 0,0 ---- 16,0 04:49 N 30 19,2 23,9 15:11 14,5 05:55 0,9 1,8 0,0 ---- 24,0 12:01 NE ---------------------------------------------------------------------------------- 21,3 29,3 13 12,3 20 10,0 99,4 31,4 4,3 39,0 19 NE Max >= 10,0: 30 Max <= 5,0: 0 Min <= 0,0: 0 Min <= -2,0: 0 Max Rain: 13,4 on day 26 Days of Rain: 7 (>= 0,2 mm) 3 (>= 2,0 mm) 0 (>= 20,0 mm) Heat Base: 18,3 Cool Base: 18,3 Method: Integration