NOAA-Style Climate Reports
Select a Year or Month report
2024: Gen Feb Mar Apr Mag Giu Lug Ago Set Ott Nov Dic
2023: Gen Feb Mar Apr Mag Giu Lug Ago Set Ott Nov Dic
2022: Gen Feb Mar Apr Mag Giu Lug Ago Set Ott Nov Dic
2021: Gen Feb Mar Apr Mag Giu Lug Ago Set Ott Nov Dic
2020: Gen Feb Mar Apr Mag Giu Lug Ago Set Ott Nov Dic
2019: Gen Feb Mar Apr Mag Giu Lug Ago Set Ott Nov Dic
2018: Gen Feb Mar Apr Mag Giu Lug Ago Set Ott Nov Dic
2017: Gen Feb Mar Apr Mag Giu Lug Ago Set Ott Nov Dic
2016: Gen Feb Mar Apr Mag Giu Lug Ago Set Ott Nov Dic
2015: Gen Feb Mar Apr Mag Giu Lug Ago Set Ott Nov Dic
2014: Gen Feb Mar Apr Mag Giu Lug Ago Set Ott Nov Dic
2013: Gen Feb Mar Apr Mag Giu Lug Ago Set Ott Nov Dic
2012: Gen Feb Mar Apr Mag Giu Lug Ago Set Ott Nov Dic
2011: Gen Feb Mar Apr Mag Giu Lug Ago Set Ott Nov Dic
2024: Gen Feb Mar Apr Mag Giu Lug Ago Set Ott Nov Dic
2023: Gen Feb Mar Apr Mag Giu Lug Ago Set Ott Nov Dic
2022: Gen Feb Mar Apr Mag Giu Lug Ago Set Ott Nov Dic
2021: Gen Feb Mar Apr Mag Giu Lug Ago Set Ott Nov Dic
2020: Gen Feb Mar Apr Mag Giu Lug Ago Set Ott Nov Dic
2019: Gen Feb Mar Apr Mag Giu Lug Ago Set Ott Nov Dic
2018: Gen Feb Mar Apr Mag Giu Lug Ago Set Ott Nov Dic
2017: Gen Feb Mar Apr Mag Giu Lug Ago Set Ott Nov Dic
2016: Gen Feb Mar Apr Mag Giu Lug Ago Set Ott Nov Dic
2015: Gen Feb Mar Apr Mag Giu Lug Ago Set Ott Nov Dic
2014: Gen Feb Mar Apr Mag Giu Lug Ago Set Ott Nov Dic
2013: Gen Feb Mar Apr Mag Giu Lug Ago Set Ott Nov Dic
2012: Gen Feb Mar Apr Mag Giu Lug Ago Set Ott Nov Dic
2011: Gen Feb Mar Apr Mag Giu Lug Ago Set Ott Nov Dic
Report for 2021 Dicembre
Monthly Climatological Summary for dic 2021 Name: Galliate Meteo City: Galliate (NO) State: Italia Elevation: 153 m Lat: N 45° 28' 31" Lon: E 008° 41' 43" Temperature (°C), Rain (mm), Wind Speed (km/h) Heat Cool Avg Mean Deg Deg Wind Dom Day Temp High Time Low Time Days Days Rain Speed High Time Dir ---------------------------------------------------------------------------------- 1 4,7 7,3 15:31 2,2 04:53 13,6 0,0 0,2 4,3 18,0 07:01 N 2 5,5 9,3 13:48 2,6 08:25 12,8 0,0 0,0 1,5 11,0 12:59 WSW 3 6,3 11,3 14:16 2,2 23:58 12,0 0,0 0,0 3,8 23,0 01:29 NW 4 3,0 5,7 12:12 1,1 23:00 15,3 0,0 0,0 3,1 14,0 12:27 NNE 5 3,1 8,2 14:49 -0,1 08:11 15,2 0,0 0,0 2,4 13,0 13:44 W 6 3,2 8,9 14:35 -0,9 08:29 15,1 0,0 0,2 2,8 14,0 10:00 WSW 7 3,9 10,2 14:48 0,0 08:28 14,4 0,0 0,0 3,1 14,0 12:39 WNW 8 2,1 4,0 03:01 0,9 09:30 16,2 0,0 10,4 3,6 18,0 06:59 NNW 9 1,0 6,5 15:41 -1,8 23:49 17,3 0,0 1,4 2,0 14,0 13:16 SW 10 0,3 2,3 18:44 -2,4 02:29 18,0 0,0 1,4 1,8 13,0 10:34 N 11 4,4 11,6 15:13 -0,8 06:14 13,9 0,0 0,0 4,8 18,0 08:29 WNW 12 3,7 9,8 14:43 -0,2 08:39 14,6 0,0 0,0 3,1 14,0 03:35 WNW 13 4,7 12,0 15:21 0,4 05:50 13,6 0,0 0,0 1,3 10,0 13:25 NW 14 4,8 10,4 14:50 0,7 07:32 13,5 0,0 0,0 2,0 13,0 13:05 W 15 4,4 9,7 14:20 -1,0 23:59 13,9 0,0 0,2 ---- 11,0 13:25 SE 16 2,3 7,6 13:45 -1,6 00:25 16,0 0,0 0,2 ---- 16,0 14:04 SSW 17 0,6 3,8 00:42 -2,9 07:38 17,7 0,0 0,2 ---- 13,0 08:26 S 18 -1,2 1,8 04:03 -3,8 08:33 19,5 0,0 0,0 ---- 11,0 06:48 SSE 19 -0,6 3,2 16:10 -3,9 08:20 18,9 0,0 0,4 ---- 8,0 03:57 W 20 3,4 11,5 14:02 -1,0 05:57 14,9 0,0 0,0 ---- 37,0 14:38 ENE 21 3,9 6,0 15:38 1,4 03:49 14,4 0,0 0,0 ---- 10,0 01:49 SSE 22 3,4 6,9 14:26 0,3 07:36 14,9 0,0 0,2 ---- 14,0 16:22 S 23 1,6 4,6 15:18 -1,2 04:59 16,7 0,0 0,0 ---- 13,0 16:00 WNW 24 3,2 4,4 13:57 1,9 23:51 15,1 0,0 0,0 ---- 13,0 00:43 WSW 25 3,0 4,9 14:15 1,1 02:30 15,3 0,0 0,2 ---- 11,0 14:11 SSW 26 3,6 7,1 12:37 0,1 09:03 14,7 0,0 0,0 ---- 11,0 07:05 WNW 27 4,9 5,9 19:09 3,5 06:28 13,4 0,0 2,6 ---- 14,0 10:32 ESE 28 6,1 8,3 15:07 3,8 21:23 12,2 0,0 0,2 ---- 13,0 22:52 W 29 5,4 13,3 15:15 1,1 05:30 12,9 0,0 0,0 ---- 19,0 20:00 WSW 30 3,8 5,1 15:01 2,5 22:47 14,5 0,0 0,2 ---- 11,0 00:01 WNW 31 2,4 6,8 13:20 0,0 07:25 15,9 0,0 0,2 ---- 13,0 13:27 WSW ---------------------------------------------------------------------------------- 3,3 13,3 29 -3,9 19 466,4 0,0 18,2 2,8 37,0 20 NW Max >= 10,0: 7 Max <= 5,0: 8 Min <= 0,0: 15 Min <= -2,0: 4 Max Rain: 10,4 on day 8 Days of Rain: 15 (>= 0,2 mm) 2 (>= 2,0 mm) 0 (>= 20,0 mm) Heat Base: 18,3 Cool Base: 18,3 Method: Integration