NOAA-Style Climate Reports
Select a Year or Month report
2024: Gen Feb Mar Apr Mag Giu Lug Ago Set Ott Nov Dic
2023: Gen Feb Mar Apr Mag Giu Lug Ago Set Ott Nov Dic
2022: Gen Feb Mar Apr Mag Giu Lug Ago Set Ott Nov Dic
2021: Gen Feb Mar Apr Mag Giu Lug Ago Set Ott Nov Dic
2020: Gen Feb Mar Apr Mag Giu Lug Ago Set Ott Nov Dic
2019: Gen Feb Mar Apr Mag Giu Lug Ago Set Ott Nov Dic
2018: Gen Feb Mar Apr Mag Giu Lug Ago Set Ott Nov Dic
2017: Gen Feb Mar Apr Mag Giu Lug Ago Set Ott Nov Dic
2016: Gen Feb Mar Apr Mag Giu Lug Ago Set Ott Nov Dic
2015: Gen Feb Mar Apr Mag Giu Lug Ago Set Ott Nov Dic
2014: Gen Feb Mar Apr Mag Giu Lug Ago Set Ott Nov Dic
2013: Gen Feb Mar Apr Mag Giu Lug Ago Set Ott Nov Dic
2012: Gen Feb Mar Apr Mag Giu Lug Ago Set Ott Nov Dic
2011: Gen Feb Mar Apr Mag Giu Lug Ago Set Ott Nov Dic
2024: Gen Feb Mar Apr Mag Giu Lug Ago Set Ott Nov Dic
2023: Gen Feb Mar Apr Mag Giu Lug Ago Set Ott Nov Dic
2022: Gen Feb Mar Apr Mag Giu Lug Ago Set Ott Nov Dic
2021: Gen Feb Mar Apr Mag Giu Lug Ago Set Ott Nov Dic
2020: Gen Feb Mar Apr Mag Giu Lug Ago Set Ott Nov Dic
2019: Gen Feb Mar Apr Mag Giu Lug Ago Set Ott Nov Dic
2018: Gen Feb Mar Apr Mag Giu Lug Ago Set Ott Nov Dic
2017: Gen Feb Mar Apr Mag Giu Lug Ago Set Ott Nov Dic
2016: Gen Feb Mar Apr Mag Giu Lug Ago Set Ott Nov Dic
2015: Gen Feb Mar Apr Mag Giu Lug Ago Set Ott Nov Dic
2014: Gen Feb Mar Apr Mag Giu Lug Ago Set Ott Nov Dic
2013: Gen Feb Mar Apr Mag Giu Lug Ago Set Ott Nov Dic
2012: Gen Feb Mar Apr Mag Giu Lug Ago Set Ott Nov Dic
2011: Gen Feb Mar Apr Mag Giu Lug Ago Set Ott Nov Dic
Report for 2022 Giugnio
Monthly Climatological Summary for giu 2022 Name: Galliate Meteo City: Galliate (NO) State: Italia Elevation: 153 m Lat: N 45° 28' 31" Lon: E 008° 41' 43" Temperature (°C), Rain (mm), Wind Speed (km/h) Heat Cool Avg Mean Deg Deg Wind Dom Day Temp High Time Low Time Days Days Rain Speed High Time Dir ---------------------------------------------------------------------------------- 1 21,8 27,7 18:46 17,2 06:36 0,2 3,7 0,0 5,8 18,0 00:57 NNW 2 23,9 30,0 18:35 17,8 04:52 0,0 5,7 0,0 4,1 19,0 16:10 WNW 3 21,9 24,9 13:05 18,6 23:51 0,0 3,6 0,8 6,6 26,0 10:54 NNE 4 23,4 29,2 19:01 16,9 05:56 0,2 5,3 0,0 ---- 21,0 16:12 W 5 23,9 28,9 14:38 20,4 23:56 0,0 5,6 0,8 ---- 34,0 14:26 NE 6 24,3 29,9 17:14 17,1 05:12 0,1 6,1 0,0 ---- 23,0 14:29 S 7 24,3 28,9 17:30 19,8 05:47 0,0 6,0 0,0 ---- 27,0 09:31 ESE 8 22,0 26,7 14:37 17,6 05:32 0,0 3,8 1,4 ---- 21,0 13:43 NE 9 22,7 29,2 17:29 15,6 06:33 0,4 4,8 0,0 ---- 50,0 22:22 N 10 24,8 29,8 13:56 18,1 05:07 0,0 6,5 0,0 ---- 32,0 02:44 NW 11 25,0 30,3 16:38 17,9 05:36 0,0 6,8 0,0 ---- 19,0 11:34 E 12 26,1 32,3 17:38 18,8 06:11 0,0 7,7 0,0 ---- 19,0 14:44 S 13 30,5 32,7 16:58 0,0 14:01 0,0 4,6 0,0 5,8 19,0 14:04 S 14 26,9 30,9 16:26 21,4 06:11 0,0 8,6 0,0 6,2 24,0 12:05 E 15 26,8 30,4 16:24 21,7 06:49 0,0 8,5 0,0 4,6 19,0 16:30 NNE 16 28,1 33,7 17:31 21,7 06:41 0,0 9,8 0,0 4,7 23,0 13:39 WNW 17 28,9 33,7 17:22 23,2 06:10 0,0 10,6 0,0 4,3 24,0 14:13 SW 18 28,4 32,4 14:45 23,0 05:45 0,0 10,1 0,0 5,4 23,0 08:30 ESE 19 28,6 33,4 15:39 22,7 04:29 0,0 10,3 0,0 5,1 21,0 13:09 ESE 20 27,8 32,9 16:33 23,7 06:12 0,0 9,5 0,0 5,8 27,0 17:50 S 21 26,4 31,6 16:10 22,6 06:00 0,0 8,0 0,0 4,9 35,0 16:25 S 22 24,1 27,2 13:37 21,4 23:52 0,0 5,8 0,6 5,2 24,0 15:32 N 23 24,1 28,6 17:08 19,4 05:34 0,0 5,8 0,0 6,0 35,0 18:43 S 24 23,0 28,7 13:45 19,3 15:39 0,0 4,7 5,8 6,8 53,0 15:13 SE 25 23,4 29,2 17:54 17,6 05:19 0,1 5,2 0,0 6,1 23,0 13:43 SW 26 25,7 31,8 17:08 19,9 04:38 0,0 7,4 0,0 4,9 27,0 20:54 WNW 27 27,7 33,1 16:55 22,3 05:40 0,0 9,4 0,0 6,7 27,0 09:50 ENE 28 25,4 28,2 10:14 20,4 23:57 0,0 7,1 0,2 8,8 40,0 15:16 N 29 24,9 31,3 18:05 19,6 05:33 0,0 6,6 0,0 7,0 26,0 19:37 S 30 25,9 30,4 18:44 21,3 05:45 0,0 7,6 0,0 4,9 21,0 13:20 S ---------------------------------------------------------------------------------- 25,4 33,7 16 0,0 13 1,0 205,2 9,6 5,7 53,0 24 SSE Max >= 10,0: 30 Max <= 5,0: 0 Min <= 0,0: 1 Min <= -2,0: 0 Max Rain: 5,8 on day 24 Days of Rain: 6 (>= 0,2 mm) 1 (>= 2,0 mm) 0 (>= 20,0 mm) Heat Base: 18,3 Cool Base: 18,3 Method: Integration