NOAA-Style Climate Reports
Select a Year or Month report
2024: Gen Feb Mar Apr Mag Giu Lug Ago Set Ott Nov Dic
2023: Gen Feb Mar Apr Mag Giu Lug Ago Set Ott Nov Dic
2022: Gen Feb Mar Apr Mag Giu Lug Ago Set Ott Nov Dic
2021: Gen Feb Mar Apr Mag Giu Lug Ago Set Ott Nov Dic
2020: Gen Feb Mar Apr Mag Giu Lug Ago Set Ott Nov Dic
2019: Gen Feb Mar Apr Mag Giu Lug Ago Set Ott Nov Dic
2018: Gen Feb Mar Apr Mag Giu Lug Ago Set Ott Nov Dic
2017: Gen Feb Mar Apr Mag Giu Lug Ago Set Ott Nov Dic
2016: Gen Feb Mar Apr Mag Giu Lug Ago Set Ott Nov Dic
2015: Gen Feb Mar Apr Mag Giu Lug Ago Set Ott Nov Dic
2014: Gen Feb Mar Apr Mag Giu Lug Ago Set Ott Nov Dic
2013: Gen Feb Mar Apr Mag Giu Lug Ago Set Ott Nov Dic
2012: Gen Feb Mar Apr Mag Giu Lug Ago Set Ott Nov Dic
2011: Gen Feb Mar Apr Mag Giu Lug Ago Set Ott Nov Dic
2024: Gen Feb Mar Apr Mag Giu Lug Ago Set Ott Nov Dic
2023: Gen Feb Mar Apr Mag Giu Lug Ago Set Ott Nov Dic
2022: Gen Feb Mar Apr Mag Giu Lug Ago Set Ott Nov Dic
2021: Gen Feb Mar Apr Mag Giu Lug Ago Set Ott Nov Dic
2020: Gen Feb Mar Apr Mag Giu Lug Ago Set Ott Nov Dic
2019: Gen Feb Mar Apr Mag Giu Lug Ago Set Ott Nov Dic
2018: Gen Feb Mar Apr Mag Giu Lug Ago Set Ott Nov Dic
2017: Gen Feb Mar Apr Mag Giu Lug Ago Set Ott Nov Dic
2016: Gen Feb Mar Apr Mag Giu Lug Ago Set Ott Nov Dic
2015: Gen Feb Mar Apr Mag Giu Lug Ago Set Ott Nov Dic
2014: Gen Feb Mar Apr Mag Giu Lug Ago Set Ott Nov Dic
2013: Gen Feb Mar Apr Mag Giu Lug Ago Set Ott Nov Dic
2012: Gen Feb Mar Apr Mag Giu Lug Ago Set Ott Nov Dic
2011: Gen Feb Mar Apr Mag Giu Lug Ago Set Ott Nov Dic
Report for 2022 Agosto
Monthly Climatological Summary for ago 2022 Name: Galliate Meteo City: Galliate (NO) State: Italia Elevation: 153 m Lat: N 45° 28' 31" Lon: E 008° 41' 43" Temperature (°C), Rain (mm), Wind Speed (km/h) Heat Cool Avg Mean Deg Deg Wind Dom Day Temp High Time Low Time Days Days Rain Speed High Time Dir ---------------------------------------------------------------------------------- 1 28,2 34,7 18:41 21,2 05:45 0,0 9,9 0,0 4,6 18,0 10:08 SE 2 27,5 32,1 16:04 22,7 05:42 0,0 9,2 0,0 5,7 40,0 08:14 ESE 3 28,2 33,3 16:49 22,3 06:03 0,0 9,9 0,0 4,5 18,0 12:43 SSE 4 28,9 33,3 15:36 23,4 04:20 0,0 10,6 0,0 5,0 21,0 14:54 SSE 5 29,8 35,7 17:10 24,5 07:00 0,0 11,5 0,0 5,1 18,0 12:55 NNW 6 29,3 33,8 16:06 25,3 07:23 0,0 11,0 0,0 6,3 26,0 01:15 NW 7 25,3 29,7 16:18 20,1 23:29 0,0 7,0 0,4 7,2 39,0 22:18 ENE 8 25,0 31,2 17:04 18,3 06:52 0,0 6,7 0,0 5,2 32,0 00:06 WNW 9 26,9 31,3 16:16 22,3 06:08 0,0 8,6 0,0 4,9 21,0 12:40 ESE 10 27,7 31,2 14:39 23,2 06:47 0,0 9,4 0,0 4,6 21,0 15:50 ESE 11 27,1 30,4 17:51 22,3 06:42 0,0 8,8 0,0 4,5 24,0 14:48 ESE 12 25,7 29,4 17:19 21,4 23:57 0,0 7,4 0,0 8,4 43,0 23:03 E 13 23,9 28,4 17:38 18,8 05:39 0,0 5,6 0,0 5,0 29,0 00:02 ESE 14 24,1 28,4 14:52 18,6 06:26 0,0 5,8 0,0 3,4 18,0 16:13 W 15 23,9 30,1 18:23 19,1 07:17 0,0 5,6 1,4 4,3 45,0 19:31 NNW 16 24,8 30,4 16:58 19,6 05:33 0,0 6,5 0,4 4,9 48,0 22:56 NE 17 23,6 29,1 13:56 20,8 02:14 0,0 5,3 0,0 5,7 29,0 19:20 NNE 18 21,4 24,6 18:48 19,7 13:40 0,0 3,1 11,2 5,1 24,0 06:49 N 19 22,8 27,3 15:39 18,2 06:38 0,0 4,5 0,0 3,9 21,0 15:18 NW 20 26,7 32,2 17:37 19,3 06:23 0,0 7,6 0,0 7,6 26,0 14:14 WNW 21 26,4 31,8 17:21 20,3 06:44 0,0 8,1 0,0 4,7 23,0 00:51 ESE 22 26,1 31,1 15:17 21,7 06:20 0,0 7,8 0,0 4,7 23,0 17:22 SSE 23 27,2 31,6 15:18 20,7 03:24 0,0 7,2 0,0 5,1 19,0 15:43 E 24 25,7 30,3 15:11 20,8 06:02 0,0 7,4 0,0 4,7 21,0 13:15 E 25 26,3 31,4 17:45 20,9 07:12 0,0 8,0 0,0 4,6 19,0 13:06 WNW 26 25,2 29,1 14:44 22,3 03:36 0,0 6,8 0,0 4,8 21,0 15:33 NW 27 24,8 29,6 15:55 20,3 04:11 0,0 6,5 0,0 5,6 24,0 11:53 E 28 25,1 29,9 17:14 20,4 07:04 0,0 6,8 0,0 4,0 19,0 15:14 S 29 26,0 30,7 17:04 21,4 08:02 0,0 7,4 0,0 3,7 19,0 12:13 S 30 24,7 28,4 18:08 0,0 09:54 0,0 3,8 2,8 4,4 19,0 10:12 NE 31 23,4 27,8 17:53 19,9 07:25 0,0 5,1 0,0 3,2 21,0 11:24 SE ---------------------------------------------------------------------------------- 25,9 35,7 5 0,0 30 0,0 228,9 16,2 5,0 48,0 16 E Max >= 10,0: 31 Max <= 5,0: 0 Min <= 0,0: 1 Min <= -2,0: 0 Max Rain: 11,2 on day 18 Days of Rain: 5 (>= 0,2 mm) 2 (>= 2,0 mm) 0 (>= 20,0 mm) Heat Base: 18,3 Cool Base: 18,3 Method: Integration