NOAA-Style Climate Reports
Select a Year or Month report
2024: Gen Feb Mar Apr Mag Giu Lug Ago Set Ott Nov Dic
2023: Gen Feb Mar Apr Mag Giu Lug Ago Set Ott Nov Dic
2022: Gen Feb Mar Apr Mag Giu Lug Ago Set Ott Nov Dic
2021: Gen Feb Mar Apr Mag Giu Lug Ago Set Ott Nov Dic
2020: Gen Feb Mar Apr Mag Giu Lug Ago Set Ott Nov Dic
2019: Gen Feb Mar Apr Mag Giu Lug Ago Set Ott Nov Dic
2018: Gen Feb Mar Apr Mag Giu Lug Ago Set Ott Nov Dic
2017: Gen Feb Mar Apr Mag Giu Lug Ago Set Ott Nov Dic
2016: Gen Feb Mar Apr Mag Giu Lug Ago Set Ott Nov Dic
2015: Gen Feb Mar Apr Mag Giu Lug Ago Set Ott Nov Dic
2014: Gen Feb Mar Apr Mag Giu Lug Ago Set Ott Nov Dic
2013: Gen Feb Mar Apr Mag Giu Lug Ago Set Ott Nov Dic
2012: Gen Feb Mar Apr Mag Giu Lug Ago Set Ott Nov Dic
2011: Gen Feb Mar Apr Mag Giu Lug Ago Set Ott Nov Dic
2024: Gen Feb Mar Apr Mag Giu Lug Ago Set Ott Nov Dic
2023: Gen Feb Mar Apr Mag Giu Lug Ago Set Ott Nov Dic
2022: Gen Feb Mar Apr Mag Giu Lug Ago Set Ott Nov Dic
2021: Gen Feb Mar Apr Mag Giu Lug Ago Set Ott Nov Dic
2020: Gen Feb Mar Apr Mag Giu Lug Ago Set Ott Nov Dic
2019: Gen Feb Mar Apr Mag Giu Lug Ago Set Ott Nov Dic
2018: Gen Feb Mar Apr Mag Giu Lug Ago Set Ott Nov Dic
2017: Gen Feb Mar Apr Mag Giu Lug Ago Set Ott Nov Dic
2016: Gen Feb Mar Apr Mag Giu Lug Ago Set Ott Nov Dic
2015: Gen Feb Mar Apr Mag Giu Lug Ago Set Ott Nov Dic
2014: Gen Feb Mar Apr Mag Giu Lug Ago Set Ott Nov Dic
2013: Gen Feb Mar Apr Mag Giu Lug Ago Set Ott Nov Dic
2012: Gen Feb Mar Apr Mag Giu Lug Ago Set Ott Nov Dic
2011: Gen Feb Mar Apr Mag Giu Lug Ago Set Ott Nov Dic
Report for 2022 Dicembre
Monthly Climatological Summary for dic 2022 Name: Galliate Meteo City: Galliate (NO) State: Italia Elevation: 153 m Lat: N 45° 28' 31" Lon: E 008° 41' 43" Temperature (°C), Rain (mm), Wind Speed (km/h) Heat Cool Avg Mean Deg Deg Wind Dom Day Temp High Time Low Time Days Days Rain Speed High Time Dir ---------------------------------------------------------------------------------- 1 3,0 8,1 14:13 -0,9 06:50 15,3 0,0 0,2 0,7 14,0 14:45 SSE 2 6,0 7,9 15:08 3,4 00:00 12,3 0,0 0,0 0,7 16,0 13:28 E 3 6,5 7,3 11:47 5,1 01:32 11,8 0,0 9,0 4,6 23,0 06:48 N 4 7,7 9,2 15:25 6,5 07:05 10,6 0,0 13,8 2,7 21,0 23:59 NNW 5 7,6 9,3 15:42 3,6 23:32 10,7 0,0 0,6 4,3 24,0 04:48 ESE 6 4,7 9,6 13:57 1,4 05:14 13,6 0,0 0,2 1,5 11,0 13:02 WNW 7 2,6 7,1 13:57 0,7 08:14 15,7 0,0 0,2 1,3 13,0 14:19 S 8 3,2 7,8 14:42 0,6 01:19 15,1 0,0 0,2 0,8 11,0 15:49 WSW 9 3,9 4,6 15:46 2,8 09:33 14,4 0,0 9,6 2,0 13,0 11:19 WNW 10 3,1 4,6 13:21 1,0 23:39 12,7 0,0 0,2 3,2 13,0 05:33 WSW 11 5,6 10,0 14:33 1,0 00:00 12,7 0,0 0,0 6,0 31,0 11:56 N 12 -0,1 1,9 00:00 -1,2 21:40 18,4 0,0 0,0 1,8 13,0 21:03 NNW 13 1,6 3,3 15:53 -0,1 00:00 16,7 0,0 0,0 1,6 13,0 08:13 WSW 14 2,2 5,5 16:00 0,4 23:55 16,1 0,0 0,2 0,5 8,0 00:00 SSW 15 0,9 2,4 13:44 -1,3 04:03 17,4 0,0 11,6 1,5 14,0 16:09 NW 16 3,0 5,4 14:57 1,2 01:49 15,3 0,0 0,6 2,1 11,0 01:29 SW 17 3,9 6,4 14:49 0,2 09:24 14,4 0,0 0,0 ---- 14,0 15:10 E 18 4,7 6,0 00:00 1,6 20:51 13,6 0,0 0,2 ---- 10,0 03:34 SSE 19 3,8 5,0 14:22 2,0 23:42 14,5 0,0 0,0 ---- 11,0 07:48 W 20 4,4 6,8 15:17 2,1 00:00 13,9 0,0 0,0 ---- 10,0 10:47 SW 21 5,6 8,8 13:39 4,6 00:05 12,7 0,0 0,0 ---- 11,0 14:18 SSE 22 5,7 9,1 16:11 3,5 05:25 12,6 0,0 0,0 ---- 14,0 23:05 NW 23 7,2 9,5 13:49 5,9 21:24 11,1 0,0 0,0 ---- 18,0 13:23 W 24 8,1 9,4 15:43 6,6 00:35 10,2 0,0 0,0 ---- 10,0 07:01 NE 25 9,0 9,8 16:03 8,2 08:32 9,3 0,0 0,0 ---- 10,0 19:02 NE 26 9,0 10,1 14:18 8,2 07:13 9,3 0,0 0,0 ---- 10,0 14:31 SW 27 8,6 13,4 13:42 4,8 06:58 9,7 0,0 0,2 ---- 16,0 14:10 W 28 8,2 11,1 13:00 6,9 00:15 10,1 0,0 0,0 ---- 13,0 04:17 N 29 7,7 10,1 14:53 5,9 08:47 10,6 0,0 0,0 ---- 13,0 09:41 WSW 30 8,1 10,6 14:33 7,1 08:39 9,2 0,0 0,0 1,7 11,0 22:51 WNW 31 6,4 8,4 13:54 3,6 07:25 11,9 0,0 1,6 0,7 10,0 16:44 W ---------------------------------------------------------------------------------- 5,2 13,4 27 -1,3 15 401,9 0,0 48,4 2,1 31,0 11 NW Max >= 10,0: 6 Max <= 5,0: 6 Min <= 0,0: 4 Min <= -2,0: 0 Max Rain: 13,8 on day 4 Days of Rain: 15 (>= 0,2 mm) 4 (>= 2,0 mm) 0 (>= 20,0 mm) Heat Base: 18,3 Cool Base: 18,3 Method: Integration